{"id":73976,"date":"2026-04-16T20:37:45","date_gmt":"2026-04-16T20:37:45","guid":{"rendered":"https:\/\/salmarwoo.multiplikate.com\/?post_type=product&#038;p=73976"},"modified":"2026-04-16T20:37:45","modified_gmt":"2026-04-16T20:37:45","slug":"viviendas-en-marbella","status":"publish","type":"product","link":"https:\/\/salmarwoo.multiplikate.com\/index.php\/producto\/viviendas-en-marbella\/","title":{"rendered":"Viviendas en Marbella"},"content":{"rendered":"<ul class=\"es-property-fields es-entity-fields\">\n<li class=\"es-entity-field es-entity-field--post_content es-property-field es-property-field--post_content es-property-field--default\">\n<section class=\"elementor-section elementor-top-section elementor-element elementor-element-1901388f elementor-section-boxed elementor-section-height-default elementor-section-height-default\" data-id=\"1901388f\" data-element_type=\"section\">\n<div class=\"elementor-container elementor-column-gap-default\">\n<div class=\"elementor-column elementor-col-100 elementor-top-column elementor-element elementor-element-39a683b5\" data-id=\"39a683b5\" data-element_type=\"column\">\n<div class=\"elementor-widget-wrap elementor-element-populated\">\n<section class=\"elementor-section elementor-inner-section elementor-element elementor-element-c46720e elementor-reverse-tablet elementor-reverse-mobile elementor-section-boxed elementor-section-height-default elementor-section-height-default\" data-id=\"c46720e\" data-element_type=\"section\">\n<div class=\"elementor-container elementor-column-gap-default\">\n<div class=\"elementor-column elementor-col-50 elementor-inner-column elementor-element elementor-element-1f03dd74\" data-id=\"1f03dd74\" data-element_type=\"column\">\n<div class=\"elementor-widget-wrap elementor-element-populated\">\n<div class=\"elementor-element elementor-element-63475d4e elementor-widget elementor-widget-heading\" data-id=\"63475d4e\" data-element_type=\"widget\" data-widget_type=\"heading.default\">\n<div class=\"elementor-widget-container\">\n<div class=\"elementor-element elementor-element-63475d4e elementor-widget elementor-widget-heading\" data-id=\"63475d4e\" data-element_type=\"widget\" data-widget_type=\"heading.default\">\n<div class=\"elementor-widget-container\">\n<h3 class=\"elementor-heading-title elementor-size-default\">Una vida excepcional en Marbella<\/h3>\n<\/div>\n<\/div>\n<div class=\"elementor-element elementor-element-2c1a1517 elementor-widget elementor-widget-text-editor\" data-id=\"2c1a1517\" data-element_type=\"widget\" data-widget_type=\"text-editor.default\">\n<div class=\"elementor-widget-container\">\n<p>El dise\u00f1o, las calidades premium y el gusto por los peque\u00f1os detalles son premisas innegociables, que act\u00faan como elemento distintivo y hacen de esta promoci\u00f3n, una inversi\u00f3n de futuro sostenible, c\u00f3moda y segura. El proyecto se compone de 96 viviendas distribuidas en 12 edificios, en urbanizaci\u00f3n Altos de los Monteros, Marbella.<\/p>\n<\/div>\n<\/div>\n<div class=\"elementor-element elementor-element-317827a elementor-widget elementor-widget-spacer\" data-id=\"317827a\" data-element_type=\"widget\" data-widget_type=\"spacer.default\">\n<div class=\"elementor-widget-container\">\n<div class=\"elementor-spacer\">\n<div class=\"elementor-spacer-inner\"><\/div>\n<\/div>\n<\/div>\n<\/div>\n<div class=\"elementor-element elementor-element-2cb3f7be elementor-widget elementor-widget-heading\" data-id=\"2cb3f7be\" data-element_type=\"widget\" data-widget_type=\"heading.default\">\n<div class=\"elementor-widget-container\">\n<h3 class=\"elementor-heading-title elementor-size-default\">Podemos ofrecerte una amplia variedad de tipolog\u00edas en un m\u00e1ximo de tres alturas:<\/h3>\n<\/div>\n<\/div>\n<div class=\"elementor-element elementor-element-69422bb1 elementor-widget elementor-widget-text-editor\" data-id=\"69422bb1\" data-element_type=\"widget\" data-widget_type=\"text-editor.default\">\n<div class=\"elementor-widget-container\">\n<p>Viviendas en planta baja con jard\u00edn y piscina privada, planta primera con grandes terrazas, y \u00e1ticos con sol\u00e1rium donde existe la posibilidad de instalar una mini piscina.<br \/>\nM\u00e1s de 20.000 m2 de espacios verdes que rodean cada bloque de viviendas con plantas y \u00e1rboles mediterr\u00e1neos. Un lugar en el que te sentir\u00e1s a gusto todo el a\u00f1o, avalado por magn\u00edficos servicios de ocio y bienestar, excelentes calidades y vistas al mar para que tu vida est\u00e9 siempre rodeada de naturaleza con un marcado estilo de vida saludable. En un residencial inmerso en un magn\u00edfico espacio natural con una planificaci\u00f3n arquitect\u00f3nica moderna y minimalista.<\/p>\n<\/div>\n<\/div>\n<div class=\"elementor-element elementor-element-66be333e elementor-widget elementor-widget-spacer\" data-id=\"66be333e\" data-element_type=\"widget\" data-widget_type=\"spacer.default\">\n<div class=\"elementor-widget-container\">\n<div class=\"elementor-spacer\">\n<div class=\"elementor-spacer-inner\"><\/div>\n<\/div>\n<\/div>\n<\/div>\n<div class=\"elementor-element elementor-element-ba14714 elementor-widget elementor-widget-heading\" data-id=\"ba14714\" data-element_type=\"widget\" data-widget_type=\"heading.default\">\n<div class=\"elementor-widget-container\">\n<h3 class=\"elementor-heading-title elementor-size-default\">Zonas de ocio com\u00fan<\/h3>\n<\/div>\n<\/div>\n<div class=\"elementor-element elementor-element-35b594ea elementor-widget elementor-widget-text-editor\" data-id=\"35b594ea\" data-element_type=\"widget\" data-widget_type=\"text-editor.default\">\n<div class=\"elementor-widget-container\">\n<p>Un hogar, infinitas posibilidades.<br \/>\nEl ocio est\u00e1 garantizado gracias al Club social, un espacio donde relacionarte, en el que cada miembro de la familia encontrar\u00e1 su forma de divertirse. Relajarse, disfrutar, hacer ejercicio, reunirse, descansar y pasear.<br \/>\nLas estancias luminosas, di\u00e1fanas y elegantes nos recuerdan que el dise\u00f1o, la calidad en las terminaciones y el gusto por los peque\u00f1os detalles son las caracter\u00edsticas de este proyecto.<\/p>\n<\/div>\n<\/div>\n<div class=\"elementor-element elementor-element-32d6714 elementor-widget elementor-widget-heading\" data-id=\"32d6714\" data-element_type=\"widget\" data-widget_type=\"heading.default\">\n<div class=\"elementor-widget-container\">\n<h3 class=\"elementor-heading-title elementor-size-default\">Tu hogar hecho a medida<\/h3>\n<\/div>\n<\/div>\n<div class=\"elementor-element elementor-element-05f1db4 elementor-widget elementor-widget-text-editor\" data-id=\"05f1db4\" data-element_type=\"widget\" data-widget_type=\"text-editor.default\">\n<div class=\"elementor-widget-container\">\n<p>Te ofrecemos la posibilidad de elegir los acabados de tu vivienda entre un cat\u00e1logo de opciones, para que tu futuro hogar sea una extensi\u00f3n de tu manera de ver y vivir la vida. Podr\u00e1s escoger entre una variedad de revestimientos, tanto en paredes como en suelo sin coste a\u00f1adido.<br \/>\nEs el momento de dar un gran paso<\/p>\n<\/div>\n<\/div>\n<\/div>\n<\/div>\n<\/div>\n<\/div>\n<\/div>\n<\/section>\n<\/div>\n<\/div>\n<\/div>\n<\/section>\n<p><a class=\"js-es-full-description-link es-full-content-link js-es-toggle-class es-secondary-color\" href=\"https:\/\/salmarhome.multiplikate.com\/index.php\/property\/propiedad-ecuestre-con-terreno-apto-para-un-campo-de-polo-privado-5\/?search_url=https%3A%2F%2Fsalmarhome.multiplikate.com%2Findex.php%2Fproperty-category%2Fobra-nueva%2F%3Flayout%3Dgrid-3%26show_currencies%3D%26sort%3Dlowest_price%26es_category%3D165%26page_num%3D2%26paged-%3D2%26sort-%3Dlowest_price#\" data-container=\".es-property-field--post_content\" data-toggle-label=\"Ocultar descripci\u00f3n&lt;span class=&quot;es-icon es-icon_chevron-top&quot;&gt;&lt;\/span&gt;\" data-class=\"es-entity-field--post_content--collapsed\">Ocultar descripci\u00f3n<\/a><\/li>\n<\/ul>\n","protected":false},"excerpt":{"rendered":"<p>Una vida excepcional en Marbella El dise\u00f1o, las calidades premium y el gusto por los peque\u00f1os detalles son premisas innegociables, que act\u00faan como elemento distintivo y hacen de esta promoci\u00f3n, una inversi\u00f3n de futuro sostenible, c\u00f3moda y segura. El proyecto se compone de 96 viviendas distribuidas en 12 edificios, en urbanizaci\u00f3n Altos de los Monteros, [&hellip;]<\/p>\n","protected":false},"featured_media":73779,"comment_status":"open","ping_status":"closed","template":"","meta":{"_et_pb_use_builder":"","_et_pb_old_content":"","_et_gb_content_width":""},"product_brand":[],"product_cat":[202],"product_tag":[],"class_list":{"0":"post-73976","1":"product","2":"type-product","3":"status-publish","4":"has-post-thumbnail","6":"product_cat-sin-categorizar","8":"first","9":"instock","10":"shipping-taxable","11":"purchasable","12":"product-type-simple"},"_links":{"self":[{"href":"https:\/\/salmarwoo.multiplikate.com\/index.php\/wp-json\/wp\/v2\/product\/73976","targetHints":{"allow":["GET"]}}],"collection":[{"href":"https:\/\/salmarwoo.multiplikate.com\/index.php\/wp-json\/wp\/v2\/product"}],"about":[{"href":"https:\/\/salmarwoo.multiplikate.com\/index.php\/wp-json\/wp\/v2\/types\/product"}],"replies":[{"embeddable":true,"href":"https:\/\/salmarwoo.multiplikate.com\/index.php\/wp-json\/wp\/v2\/comments?post=73976"}],"wp:featuredmedia":[{"embeddable":true,"href":"https:\/\/salmarwoo.multiplikate.com\/index.php\/wp-json\/wp\/v2\/media\/73779"}],"wp:attachment":[{"href":"https:\/\/salmarwoo.multiplikate.com\/index.php\/wp-json\/wp\/v2\/media?parent=73976"}],"wp:term":[{"taxonomy":"product_brand","embeddable":true,"href":"https:\/\/salmarwoo.multiplikate.com\/index.php\/wp-json\/wp\/v2\/product_brand?post=73976"},{"taxonomy":"product_cat","embeddable":true,"href":"https:\/\/salmarwoo.multiplikate.com\/index.php\/wp-json\/wp\/v2\/product_cat?post=73976"},{"taxonomy":"product_tag","embeddable":true,"href":"https:\/\/salmarwoo.multiplikate.com\/index.php\/wp-json\/wp\/v2\/product_tag?post=73976"}],"curies":[{"name":"wp","href":"https:\/\/api.w.org\/{rel}","templated":true}]}}